{"id":1792,"date":"2025-07-17T23:47:04","date_gmt":"2025-07-17T23:47:04","guid":{"rendered":"https:\/\/autostar.es\/?page_id=1792"},"modified":"2025-07-18T00:33:38","modified_gmt":"2025-07-18T00:33:38","slug":"cambio-de-aceite","status":"publish","type":"page","link":"https:\/\/autostar.es\/?page_id=1792","title":{"rendered":"Cambio de aceite"},"content":{"rendered":"\t\t<div data-elementor-type=\"wp-page\" data-elementor-id=\"1792\" class=\"elementor elementor-1792\" data-elementor-post-type=\"page\">\n\t\t\t\t<div class=\"elementor-element elementor-element-f96e19d e-flex e-con-boxed wpr-particle-no wpr-jarallax-no wpr-parallax-no wpr-sticky-section-no e-con e-parent\" data-id=\"f96e19d\" data-element_type=\"container\" data-e-type=\"container\" data-settings=\"{&quot;background_background&quot;:&quot;classic&quot;}\">\n\t\t\t\t\t<div class=\"e-con-inner\">\n\t\t<div class=\"elementor-element elementor-element-dd41f37 e-con-full e-flex wpr-particle-no wpr-jarallax-no wpr-parallax-no wpr-sticky-section-no e-con e-child\" data-id=\"dd41f37\" data-element_type=\"container\" data-e-type=\"container\">\n\t\t\t\t<div class=\"elementor-element elementor-element-680bea5 elementor-widget elementor-widget-heading\" data-id=\"680bea5\" data-element_type=\"widget\" data-e-type=\"widget\" data-widget_type=\"heading.default\">\n\t\t\t\t<div class=\"elementor-widget-container\">\n\t\t\t\t\t<h1 class=\"elementor-heading-title elementor-size-default\">Cambio de Aceite: el Mantenimiento Esencial para la Vida de Tu Motor<span style=\"color: #E53E29\">.<\/span><\/h1>\t\t\t\t<\/div>\n\t\t\t\t<\/div>\n\t\t\t\t<div class=\"elementor-element elementor-element-370e1ea elementor-widget elementor-widget-text-editor\" data-id=\"370e1ea\" data-element_type=\"widget\" data-e-type=\"widget\" data-widget_type=\"text-editor.default\">\n\t\t\t\t<div class=\"elementor-widget-container\">\n\t\t\t\t\t\t\t\t\t<p><span style=\"color: #e53e29;\">\/\/<\/span> En AutoStar, entendemos que el cambio de aceite es uno de los servicios m\u00e1s cruciales para la salud y el rendimiento de tu veh\u00edculo. Nuestro servicio profesional de cambio de aceite garantiza que el coraz\u00f3n de tu coche funcione de manera \u00f3ptima, prolongando su vida \u00fatil y asegurando su eficiencia. Utilizamos aceites de alta calidad y filtros adecuados para cada modelo.<\/p>\t\t\t\t\t\t\t\t<\/div>\n\t\t\t\t<\/div>\n\t\t<div class=\"elementor-element elementor-element-778741f e-grid e-con-full wpr-particle-no wpr-jarallax-no wpr-parallax-no wpr-sticky-section-no e-con e-child\" data-id=\"778741f\" data-element_type=\"container\" data-e-type=\"container\">\n\t\t\t\t<div class=\"elementor-element elementor-element-86aad38 elementor-align-center elementor-widget elementor-widget-button\" data-id=\"86aad38\" data-element_type=\"widget\" data-e-type=\"widget\" data-widget_type=\"button.default\">\n\t\t\t\t<div class=\"elementor-widget-container\">\n\t\t\t\t\t\t\t\t\t<div class=\"elementor-button-wrapper\">\n\t\t\t\t\t<a class=\"elementor-button elementor-button-link elementor-size-sm\" href=\"https:\/\/autostar.es\/?page_id=1851\">\n\t\t\t\t\t\t<span class=\"elementor-button-content-wrapper\">\n\t\t\t\t\t\t<span class=\"elementor-button-icon\">\n\t\t\t\t<svg aria-hidden=\"true\" class=\"e-font-icon-svg e-far-address-book\" viewBox=\"0 0 448 512\" xmlns=\"http:\/\/www.w3.org\/2000\/svg\"><path d=\"M436 160c6.6 0 12-5.4 12-12v-40c0-6.6-5.4-12-12-12h-20V48c0-26.5-21.5-48-48-48H48C21.5 0 0 21.5 0 48v416c0 26.5 21.5 48 48 48h320c26.5 0 48-21.5 48-48v-48h20c6.6 0 12-5.4 12-12v-40c0-6.6-5.4-12-12-12h-20v-64h20c6.6 0 12-5.4 12-12v-40c0-6.6-5.4-12-12-12h-20v-64h20zm-68 304H48V48h320v416zM208 256c35.3 0 64-28.7 64-64s-28.7-64-64-64-64 28.7-64 64 28.7 64 64 64zm-89.6 128h179.2c12.4 0 22.4-8.6 22.4-19.2v-19.2c0-31.8-30.1-57.6-67.2-57.6-10.8 0-18.7 8-44.8 8-26.9 0-33.4-8-44.8-8-37.1 0-67.2 25.8-67.2 57.6v19.2c0 10.6 10 19.2 22.4 19.2z\"><\/path><\/svg>\t\t\t<\/span>\n\t\t\t\t\t\t\t\t\t<span class=\"elementor-button-text\">Reservar Ahora<\/span>\n\t\t\t\t\t<\/span>\n\t\t\t\t\t<\/a>\n\t\t\t\t<\/div>\n\t\t\t\t\t\t\t\t<\/div>\n\t\t\t\t<\/div>\n\t\t\t\t<\/div>\n\t\t\t\t<\/div>\n\t\t<div class=\"elementor-element elementor-element-48a7612 e-con-full e-flex wpr-particle-no wpr-jarallax-no wpr-parallax-no wpr-sticky-section-no e-con e-child\" data-id=\"48a7612\" data-element_type=\"container\" data-e-type=\"container\">\n\t\t\t\t<div class=\"elementor-element elementor-element-8e09fb3 elementor-widget elementor-widget-image\" data-id=\"8e09fb3\" data-element_type=\"widget\" data-e-type=\"widget\" data-widget_type=\"image.default\">\n\t\t\t\t<div class=\"elementor-widget-container\">\n\t\t\t\t\t\t\t\t\t\t\t\t\t\t\t<img fetchpriority=\"high\" decoding=\"async\" width=\"640\" height=\"382\" src=\"https:\/\/autostar.es\/wp-content\/uploads\/2021\/10\/33.jpg\" class=\"attachment-large size-large wp-image-1157\" alt=\"\" srcset=\"https:\/\/autostar.es\/wp-content\/uploads\/2021\/10\/33.jpg 800w, https:\/\/autostar.es\/wp-content\/uploads\/2021\/10\/33-300x179.jpg 300w, https:\/\/autostar.es\/wp-content\/uploads\/2021\/10\/33-768x459.jpg 768w\" sizes=\"(max-width: 640px) 100vw, 640px\" \/>\t\t\t\t\t\t\t\t\t\t\t\t\t\t\t<\/div>\n\t\t\t\t<\/div>\n\t\t\t\t<\/div>\n\t\t\t\t\t<\/div>\n\t\t\t\t<\/div>\n\t\t\t\t<section class=\"elementor-section elementor-top-section elementor-element elementor-element-6401d27 elementor-section-full_width elementor-section-height-default elementor-section-height-default wpr-particle-no wpr-jarallax-no wpr-parallax-no wpr-sticky-section-no\" data-id=\"6401d27\" data-element_type=\"section\" data-e-type=\"section\">\n\t\t\t\t\t\t<div class=\"elementor-container elementor-column-gap-no\">\n\t\t\t\t\t<div class=\"elementor-column elementor-col-100 elementor-top-column elementor-element elementor-element-30408d2\" data-id=\"30408d2\" data-element_type=\"column\" data-e-type=\"column\">\n\t\t\t<div class=\"elementor-widget-wrap elementor-element-populated\">\n\t\t\t\t\t\t<div class=\"elementor-element elementor-element-ecaa217 elementor-widget elementor-widget-autixir_history\" data-id=\"ecaa217\" data-element_type=\"widget\" data-e-type=\"widget\" data-widget_type=\"autixir_history.default\">\n\t\t\t\t<div class=\"elementor-widget-container\">\n\t\t\t\t\t\r\n    <div class=\"ltn__our-journey-area bg-image bg-overlay-theme-90 pt-280 pb-350 mb-35 plr--9\" data-bs-bg=\"https:\/\/autostar.es\/wp-content\/uploads\/2021\/10\/8.jpg\">\r\n        <div class=\"container-fluid\">\r\n            <div class=\"row\"> \r\n                <div class=\"col-lg-12\">\r\n                    <div class=\"ltn__our-journey-wrap \">\r\n                        <ul>\r\n                                                    <li ><span class=\"ltn__journey-icon\">Paso 1<\/span>\r\n                                <ul>\r\n                                    <li>\r\n                                        <div class=\"ltn__journey-history-item-info clearfix\">\r\n                                            <div class=\"ltn__journey-history-img\">\r\n                                                                                            <\/div>\r\n                                            <div class=\"ltn__journey-history-info\">\r\n                                                <h3>Started Journey<\/h3>\r\n                                                <p>Lorem ipsum dolor sit amet, consectetur ad ipisic ing elit, sed do eiusmod tempor.<\/p>\r\n                                            <\/div>\r\n                                        <\/div>\r\n                                    <\/li>\r\n                                <\/ul>\r\n                            <\/li>\r\n                                                        <li class=\"active\"><span class=\"ltn__journey-icon\">Paso 2<\/span>\r\n                                <ul>\r\n                                    <li>\r\n                                        <div class=\"ltn__journey-history-item-info clearfix\">\r\n                                            <div class=\"ltn__journey-history-img\">\r\n                                                                                            <\/div>\r\n                                            <div class=\"ltn__journey-history-info\">\r\n                                                <h3>Get Rewards<\/h3>\r\n                                                <p>Lorem ipsum dolor sit amet, consectetur ad ipisic ing elit, sed do eiusmod tempor.<\/p>\r\n                                            <\/div>\r\n                                        <\/div>\r\n                                    <\/li>\r\n                                <\/ul>\r\n                            <\/li>\r\n                                                        <li ><span class=\"ltn__journey-icon\">Paso 3<\/span>\r\n                                <ul>\r\n                                    <li>\r\n                                        <div class=\"ltn__journey-history-item-info clearfix\">\r\n                                            <div class=\"ltn__journey-history-img\">\r\n                                                                                            <\/div>\r\n                                            <div class=\"ltn__journey-history-info\">\r\n                                                <h3>Top Winner<\/h3>\r\n                                                <p>Lorem ipsum dolor sit amet, consectetur ad ipisic ing elit, sed do eiusmod tempor.<\/p>\r\n                                            <\/div>\r\n                                        <\/div>\r\n                                    <\/li>\r\n                                <\/ul>\r\n                            <\/li>\r\n                                                        <li ><span class=\"ltn__journey-icon\">Paso 4<\/span>\r\n                                <ul>\r\n                                    <li>\r\n                                        <div class=\"ltn__journey-history-item-info clearfix\">\r\n                                            <div class=\"ltn__journey-history-img\">\r\n                                                                                            <\/div>\r\n                                            <div class=\"ltn__journey-history-info\">\r\n                                                <h3>Get Rewards<\/h3>\r\n                                                <p>Lorem ipsum dolor sit amet, consectetur ad ipisic ing elit, sed do eiusmod tempor.<\/p>\r\n                                            <\/div>\r\n                                        <\/div>\r\n                                    <\/li>\r\n                                <\/ul>\r\n                            <\/li>\r\n                                                        <li ><span class=\"ltn__journey-icon\">Paso 5<\/span>\r\n                                <ul>\r\n                                    <li>\r\n                                        <div class=\"ltn__journey-history-item-info clearfix\">\r\n                                            <div class=\"ltn__journey-history-img\">\r\n                                                                                            <\/div>\r\n                                            <div class=\"ltn__journey-history-info\">\r\n                                                <h3>Get Rewards<\/h3>\r\n                                                <p>Lorem ipsum dolor sit amet, consectetur ad ipisic ing elit, sed do eiusmod tempor.<\/p>\r\n                                            <\/div>\r\n                                        <\/div>\r\n                                    <\/li>\r\n                                <\/ul>\r\n                            <\/li>\r\n                                                    <\/ul>\r\n                    <\/div>\r\n                <\/div>\r\n            <\/div>\r\n        <\/div>\r\n    <\/div>\r\n\r\n      \t\t\t\t<\/div>\n\t\t\t\t<\/div>\n\t\t\t\t\t<\/div>\n\t\t<\/div>\n\t\t\t\t\t<\/div>\n\t\t<\/section>\n\t\t\t\t<section class=\"elementor-section elementor-top-section elementor-element elementor-element-5c6381a elementor-section-full_width elementor-section-height-default elementor-section-height-default wpr-particle-no wpr-jarallax-no wpr-parallax-no wpr-sticky-section-no\" data-id=\"5c6381a\" data-element_type=\"section\" data-e-type=\"section\">\n\t\t\t\t\t\t<div class=\"elementor-container elementor-column-gap-no\">\n\t\t\t\t\t<div class=\"elementor-column elementor-col-100 elementor-top-column elementor-element elementor-element-78d8e28\" data-id=\"78d8e28\" data-element_type=\"column\" data-e-type=\"column\">\n\t\t\t<div class=\"elementor-widget-wrap elementor-element-populated\">\n\t\t\t\t\t\t<div class=\"elementor-element elementor-element-1d57ec7 elementor-widget elementor-widget-Autixir_CTA\" data-id=\"1d57ec7\" data-element_type=\"widget\" data-e-type=\"widget\" data-widget_type=\"Autixir_CTA.default\">\n\t\t\t\t<div class=\"elementor-widget-container\">\n\t\t\t\t\t    <div class=\"ltn__get-a-free-service-area get-a-free-service-margin\">\r\n        <div class=\"container\">\r\n            <div class=\"row\">\r\n                <div class=\"col-lg-12\">\r\n                    <div class=\"get-a-free-service-inner bg-white text-center pt-115 pb-100\">\r\n                        <div class=\"call-to-img\">\r\n                            <img decoding=\"async\" width=\"1920\" height=\"428\" src=\"https:\/\/autostar.es\/wp-content\/uploads\/2021\/10\/6-1.jpg\" class=\"attachment-full size-full\" alt=\"\" srcset=\"https:\/\/autostar.es\/wp-content\/uploads\/2021\/10\/6-1.jpg 1920w, https:\/\/autostar.es\/wp-content\/uploads\/2021\/10\/6-1-300x67.jpg 300w, https:\/\/autostar.es\/wp-content\/uploads\/2021\/10\/6-1-1024x228.jpg 1024w, https:\/\/autostar.es\/wp-content\/uploads\/2021\/10\/6-1-768x171.jpg 768w, https:\/\/autostar.es\/wp-content\/uploads\/2021\/10\/6-1-1536x342.jpg 1536w\" sizes=\"(max-width: 1920px) 100vw, 1920px\" \/>                        <\/div>\r\n                        <div class=\"call-to-action-inner-content\">\r\n                            <div class=\"section-title-area ltn__section-title-2 text-center\">\r\n                                <h6 class=\"section-subtitle ltn__secondary-color\">\/\/  Te acompa\u00f1amos en el proceso  \/\/<\/h6>\r\n                                <h1 class=\"section-title\">Deja tu coche Irreconocible<span>.<\/span><\/h1>\r\n                            <\/div>\r\n                            <div class=\"btn-wrapper\">\r\n                                <a href=\"https:\/\/autostar.es\/?page_id=1594\" class=\"btn theme-btn-1 btn-effect-1 text-uppercase\">Reserva online<\/a>\r\n                            <\/div>\r\n                        <\/div>\r\n                        <span class=\"call-to-circle-1\"><\/span>\r\n                        <span class=\"call-to-circle-2 fa-spin\"><\/span>\r\n                        <span class=\"call-to-bg-icon\"><i class=\"icon-automobile\"><\/i><\/span>\r\n                    <\/div>\r\n                <\/div>\r\n            <\/div>\r\n        <\/div>\r\n    <\/div>\r\n    \t\t\t\t<\/div>\n\t\t\t\t<\/div>\n\t\t\t\t\t<\/div>\n\t\t<\/div>\n\t\t\t\t\t<\/div>\n\t\t<\/section>\n\t\t\t\t<\/div>\n\t\t","protected":false},"excerpt":{"rendered":"<p>Cambio de Aceite: el Mantenimiento Esencial para la Vida de Tu Motor. \/\/ En AutoStar, entendemos que el cambio de aceite es uno de los servicios m\u00e1s cruciales para la salud y el rendimiento de tu veh\u00edculo. Nuestro servicio profesional de cambio de aceite garantiza que el coraz\u00f3n de tu coche funcione de manera \u00f3ptima, prolongando su vida \u00fatil y asegurando su eficiencia. Utilizamos aceites de alta calidad y filtros adecuados para cada modelo. Reservar Ahora Paso 1 Started Journey Lorem ipsum dolor sit amet, consectetur ad ipisic ing elit, sed do eiusmod tempor. Paso 2 Get Rewards Lorem ipsum dolor sit amet, consectetur ad ipisic ing elit, sed do eiusmod tempor. Paso 3 Top Winner Lorem ipsum dolor sit amet, consectetur ad ipisic ing elit, sed do eiusmod tempor. Paso 4 Get Rewards Lorem ipsum dolor sit amet, consectetur ad ipisic ing elit, sed do eiusmod tempor. Paso 5 Get Rewards Lorem ipsum dolor sit amet, consectetur ad ipisic ing elit, sed do eiusmod tempor. \/\/ Te acompa\u00f1amos en el proceso \/\/ Deja tu coche Irreconocible. Reserva online<\/p>\n","protected":false},"author":1,"featured_media":0,"parent":0,"menu_order":0,"comment_status":"closed","ping_status":"closed","template":"","meta":{"footnotes":""},"class_list":["post-1792","page","type-page","status-publish","hentry"],"yoast_head":"<!-- This site is optimized with the Yoast SEO plugin v26.1 - https:\/\/yoast.com\/wordpress\/plugins\/seo\/ -->\n<title>Cambio de aceite - auto star<\/title>\n<meta name=\"robots\" content=\"noindex, follow, max-snippet:-1, max-image-preview:large, max-video-preview:-1\" \/>\n<meta property=\"og:locale\" content=\"es_ES\" \/>\n<meta property=\"og:type\" content=\"article\" \/>\n<meta property=\"og:title\" content=\"Cambio de aceite - auto star\" \/>\n<meta property=\"og:description\" content=\"Cambio de Aceite: el Mantenimiento Esencial para la Vida de Tu Motor. \/\/ En AutoStar, entendemos que el cambio de aceite es uno de los servicios m\u00e1s cruciales para la salud y el rendimiento de tu veh\u00edculo. Nuestro servicio profesional de cambio de aceite garantiza que el coraz\u00f3n de tu coche funcione de manera \u00f3ptima, prolongando su vida \u00fatil y asegurando su eficiencia. Utilizamos aceites de alta calidad y filtros adecuados para cada modelo. Reservar Ahora Paso 1 Started Journey Lorem ipsum dolor sit amet, consectetur ad ipisic ing elit, sed do eiusmod tempor. Paso 2 Get Rewards Lorem ipsum dolor sit amet, consectetur ad ipisic ing elit, sed do eiusmod tempor. Paso 3 Top Winner Lorem ipsum dolor sit amet, consectetur ad ipisic ing elit, sed do eiusmod tempor. Paso 4 Get Rewards Lorem ipsum dolor sit amet, consectetur ad ipisic ing elit, sed do eiusmod tempor. Paso 5 Get Rewards Lorem ipsum dolor sit amet, consectetur ad ipisic ing elit, sed do eiusmod tempor. \/\/ Te acompa\u00f1amos en el proceso \/\/ Deja tu coche Irreconocible. Reserva online\" \/>\n<meta property=\"og:url\" content=\"https:\/\/autostar.es\/?page_id=1792\" \/>\n<meta property=\"og:site_name\" content=\"auto star\" \/>\n<meta property=\"article:modified_time\" content=\"2025-07-18T00:33:38+00:00\" \/>\n<meta property=\"og:image\" content=\"https:\/\/autostar.es\/wp-content\/uploads\/2021\/10\/33.jpg\" \/>\n\t<meta property=\"og:image:width\" content=\"800\" \/>\n\t<meta property=\"og:image:height\" content=\"478\" \/>\n\t<meta property=\"og:image:type\" content=\"image\/jpeg\" \/>\n<meta name=\"twitter:card\" content=\"summary_large_image\" \/>\n<meta name=\"twitter:label1\" content=\"Tiempo de lectura\" \/>\n\t<meta name=\"twitter:data1\" content=\"2 minutos\" \/>\n<script type=\"application\/ld+json\" class=\"yoast-schema-graph\">{\"@context\":\"https:\/\/schema.org\",\"@graph\":[{\"@type\":\"WebPage\",\"@id\":\"https:\/\/autostar.es\/?page_id=1792\",\"url\":\"https:\/\/autostar.es\/?page_id=1792\",\"name\":\"Cambio de aceite - auto star\",\"isPartOf\":{\"@id\":\"https:\/\/autostar.es\/#website\"},\"primaryImageOfPage\":{\"@id\":\"https:\/\/autostar.es\/?page_id=1792#primaryimage\"},\"image\":{\"@id\":\"https:\/\/autostar.es\/?page_id=1792#primaryimage\"},\"thumbnailUrl\":\"https:\/\/autostar.es\/wp-content\/uploads\/2021\/10\/33.jpg\",\"datePublished\":\"2025-07-17T23:47:04+00:00\",\"dateModified\":\"2025-07-18T00:33:38+00:00\",\"breadcrumb\":{\"@id\":\"https:\/\/autostar.es\/?page_id=1792#breadcrumb\"},\"inLanguage\":\"es\",\"potentialAction\":[{\"@type\":\"ReadAction\",\"target\":[\"https:\/\/autostar.es\/?page_id=1792\"]}]},{\"@type\":\"ImageObject\",\"inLanguage\":\"es\",\"@id\":\"https:\/\/autostar.es\/?page_id=1792#primaryimage\",\"url\":\"https:\/\/autostar.es\/wp-content\/uploads\/2021\/10\/33.jpg\",\"contentUrl\":\"https:\/\/autostar.es\/wp-content\/uploads\/2021\/10\/33.jpg\",\"width\":800,\"height\":478},{\"@type\":\"BreadcrumbList\",\"@id\":\"https:\/\/autostar.es\/?page_id=1792#breadcrumb\",\"itemListElement\":[{\"@type\":\"ListItem\",\"position\":1,\"name\":\"Portada\",\"item\":\"https:\/\/autostar.es\/\"},{\"@type\":\"ListItem\",\"position\":2,\"name\":\"Cambio de aceite\"}]},{\"@type\":\"WebSite\",\"@id\":\"https:\/\/autostar.es\/#website\",\"url\":\"https:\/\/autostar.es\/\",\"name\":\"auto star\",\"description\":\"\",\"potentialAction\":[{\"@type\":\"SearchAction\",\"target\":{\"@type\":\"EntryPoint\",\"urlTemplate\":\"https:\/\/autostar.es\/?s={search_term_string}\"},\"query-input\":{\"@type\":\"PropertyValueSpecification\",\"valueRequired\":true,\"valueName\":\"search_term_string\"}}],\"inLanguage\":\"es\"}]}<\/script>\n<!-- \/ Yoast SEO plugin. -->","yoast_head_json":{"title":"Cambio de aceite - auto star","robots":{"index":"noindex","follow":"follow","max-snippet":"max-snippet:-1","max-image-preview":"max-image-preview:large","max-video-preview":"max-video-preview:-1"},"og_locale":"es_ES","og_type":"article","og_title":"Cambio de aceite - auto star","og_description":"Cambio de Aceite: el Mantenimiento Esencial para la Vida de Tu Motor. \/\/ En AutoStar, entendemos que el cambio de aceite es uno de los servicios m\u00e1s cruciales para la salud y el rendimiento de tu veh\u00edculo. Nuestro servicio profesional de cambio de aceite garantiza que el coraz\u00f3n de tu coche funcione de manera \u00f3ptima, prolongando su vida \u00fatil y asegurando su eficiencia. Utilizamos aceites de alta calidad y filtros adecuados para cada modelo. Reservar Ahora Paso 1 Started Journey Lorem ipsum dolor sit amet, consectetur ad ipisic ing elit, sed do eiusmod tempor. Paso 2 Get Rewards Lorem ipsum dolor sit amet, consectetur ad ipisic ing elit, sed do eiusmod tempor. Paso 3 Top Winner Lorem ipsum dolor sit amet, consectetur ad ipisic ing elit, sed do eiusmod tempor. Paso 4 Get Rewards Lorem ipsum dolor sit amet, consectetur ad ipisic ing elit, sed do eiusmod tempor. Paso 5 Get Rewards Lorem ipsum dolor sit amet, consectetur ad ipisic ing elit, sed do eiusmod tempor. \/\/ Te acompa\u00f1amos en el proceso \/\/ Deja tu coche Irreconocible. Reserva online","og_url":"https:\/\/autostar.es\/?page_id=1792","og_site_name":"auto star","article_modified_time":"2025-07-18T00:33:38+00:00","og_image":[{"width":800,"height":478,"url":"https:\/\/autostar.es\/wp-content\/uploads\/2021\/10\/33.jpg","type":"image\/jpeg"}],"twitter_card":"summary_large_image","twitter_misc":{"Tiempo de lectura":"2 minutos"},"schema":{"@context":"https:\/\/schema.org","@graph":[{"@type":"WebPage","@id":"https:\/\/autostar.es\/?page_id=1792","url":"https:\/\/autostar.es\/?page_id=1792","name":"Cambio de aceite - auto star","isPartOf":{"@id":"https:\/\/autostar.es\/#website"},"primaryImageOfPage":{"@id":"https:\/\/autostar.es\/?page_id=1792#primaryimage"},"image":{"@id":"https:\/\/autostar.es\/?page_id=1792#primaryimage"},"thumbnailUrl":"https:\/\/autostar.es\/wp-content\/uploads\/2021\/10\/33.jpg","datePublished":"2025-07-17T23:47:04+00:00","dateModified":"2025-07-18T00:33:38+00:00","breadcrumb":{"@id":"https:\/\/autostar.es\/?page_id=1792#breadcrumb"},"inLanguage":"es","potentialAction":[{"@type":"ReadAction","target":["https:\/\/autostar.es\/?page_id=1792"]}]},{"@type":"ImageObject","inLanguage":"es","@id":"https:\/\/autostar.es\/?page_id=1792#primaryimage","url":"https:\/\/autostar.es\/wp-content\/uploads\/2021\/10\/33.jpg","contentUrl":"https:\/\/autostar.es\/wp-content\/uploads\/2021\/10\/33.jpg","width":800,"height":478},{"@type":"BreadcrumbList","@id":"https:\/\/autostar.es\/?page_id=1792#breadcrumb","itemListElement":[{"@type":"ListItem","position":1,"name":"Portada","item":"https:\/\/autostar.es\/"},{"@type":"ListItem","position":2,"name":"Cambio de aceite"}]},{"@type":"WebSite","@id":"https:\/\/autostar.es\/#website","url":"https:\/\/autostar.es\/","name":"auto star","description":"","potentialAction":[{"@type":"SearchAction","target":{"@type":"EntryPoint","urlTemplate":"https:\/\/autostar.es\/?s={search_term_string}"},"query-input":{"@type":"PropertyValueSpecification","valueRequired":true,"valueName":"search_term_string"}}],"inLanguage":"es"}]}},"_links":{"self":[{"href":"https:\/\/autostar.es\/index.php?rest_route=\/wp\/v2\/pages\/1792","targetHints":{"allow":["GET"]}}],"collection":[{"href":"https:\/\/autostar.es\/index.php?rest_route=\/wp\/v2\/pages"}],"about":[{"href":"https:\/\/autostar.es\/index.php?rest_route=\/wp\/v2\/types\/page"}],"author":[{"embeddable":true,"href":"https:\/\/autostar.es\/index.php?rest_route=\/wp\/v2\/users\/1"}],"replies":[{"embeddable":true,"href":"https:\/\/autostar.es\/index.php?rest_route=%2Fwp%2Fv2%2Fcomments&post=1792"}],"version-history":[{"count":37,"href":"https:\/\/autostar.es\/index.php?rest_route=\/wp\/v2\/pages\/1792\/revisions"}],"predecessor-version":[{"id":1857,"href":"https:\/\/autostar.es\/index.php?rest_route=\/wp\/v2\/pages\/1792\/revisions\/1857"}],"wp:attachment":[{"href":"https:\/\/autostar.es\/index.php?rest_route=%2Fwp%2Fv2%2Fmedia&parent=1792"}],"curies":[{"name":"wp","href":"https:\/\/api.w.org\/{rel}","templated":true}]}}